f b(f).
3, 151
Suppose 0 = -4*j - 4*j - 136. Let b(f) = -34*f - 105. List the prime factors of b(j).
11, 43
Let r(c) = 716*c + 2942. List the prime factors of r(53).
2, 3, 5, 29, 47
Suppose 4*w - 6472 = -36*h + 32*h, -w = -4*h - 1608. What are the prime factors of w?
2, 101
Let h(w) = 24*w**3 - 30*w**2 - 44*w + 10. List the prime factors of h(10).
2, 5, 11, 17
Let s(x) = -20*x**2 - 2*x + 5. Let m be s(-2). Let g = m - -71. Suppose g = 2*v - v - 51. What are the prime factors of v?
3, 17
What are the prime factors of (-10228065)/(-164)*(-3)/15*(-16)/6?
2, 16631
Suppose 2*p - 3*p + 2685 = 2*w, -5*w = 4*p - 10725. Suppose -p = 157*m - 162*m. What are the prime factors of m?
5, 107
Let c be 1 + 0 + -7 - -9618. List the prime factors of (-4 + c/63)/(2/14).
2, 5, 13
Suppose -1 = 9*c - 19. Suppose 2*b - 478 - 519 = u, -c*u = 2*b - 1006. List the prime factors of b.
2, 5
Let z(o) = -6*o + 3. Let x be z(2). List the prime factors of (-264)/x*27/3.
2, 3, 11
What are the prime factors of 1/(-4)*915*(-15)/(285/532)?
3, 5, 7, 61
Let m(a) = a**2 - 17*a - 86. Let k be m(21). What are the prime factors of -2 + -2 - k - (-1186 + -17)?
1201
Let x = 0 - -20. Let l(r) = r**3 - 3*r**2 + 2*r. Let y be l(1). Suppose y = 5*z - x, 101 + 712 = 5*v - 3*z. What are the prime factors of v?
3, 5, 11
Let m(q) be the third derivative of 7*q**6/60 + q**5/30 - q**4/24 - q**3/3 + 2*q**2 - 58. Let b = 69 + -67. List the prime factors of m(b).
2, 29
Let w(u) = -5*u**2 + 54*u + 41. Let t be w(12). Let k(o) = o**3 + 6*o**2 - 5*o - 1. Let y be k(-5). Let v = y + t. List the prime factors of v.
2, 3
Suppose -3*g - 191 = 4*u, 29 + 102 = -2*g + u. Let r be g*(3 + 49/(-5)) - -2. Suppose r = 6*p - 732. List the prime factors of p.
2, 7
Suppose -5*j + 4*i - 2*i = -11, -4*j - i + 14 = 0. Let g(b) = 16 + 14*b - 5 - 13*b**2 + 26*b**2 - 17*b**2 - b**j. List the prime factors of g(-7).
2, 3, 5
Let f be 2 - 1/((-3)/30). Suppose 0 = 5*k - 25, 2*k - 5*k - 945 = -4*x. Suppose x = -f*q + 15*q. List the prime factors of q.
2, 5
Let w(z) = -31*z + 62. Let d be w(-19). Let p = 1274 - d. List the prime factors of p.
7, 89
Let y(z) = 2*z**2 - 6*z - 14. Let h be y(6). Let o be (-1)/2 + 781/h. Let f = o + 87. What are the prime factors of f?
2, 61
Let t be -1 - (2 - 3) - -3. Let c be 0*((-26)/(-4) + -6). Suppose 5*g - 25 = c, -t*k - g = -6*g - 275. What are the prime factors of k?
2, 5
Suppose 2*f = 2 + 4. Suppose 2*m = -f*m. Suppose -4*r = -9 + 1, -u + 5*r + 21 = m. List the prime factors of u.
31
Let q be (-6)/3*6786/(-4). Suppose q = 4*w + 7*y - 2*y, 1694 = 2*w + 2*y. Suppose -10*x + 308 = -w. List the prime factors of x.
5, 23
Suppose 6*j + 24 = -18. Let h be (j/(-1))/(1 + (-110)/115). Suppose -w = -0*w - h. What are the prime factors of w?
7, 23
Suppose w + 0*w = -228. Let c = 348 + w. Suppose -13*p + 12*p = -c. What are the prime factors of p?
2, 3, 5
What are the prime factors of (249112/(-12) + -2)/((-312)/468)?
2, 23, 677
Let n(w) = 34*w**2 + 4*w + 7. Let s be n(5). Let y = 1503 - s. What are the prime factors of y?
2, 313
Let o(i) = i**3 - 7*i**2 + 10*i - 2. Let j be o(7). Let a = -175 + 173. Let h = j - a. List the prime factors of h.
2, 5, 7
Suppose -135*i + 134*i + 9392 = 5*d, 11280 = 6*d - 2*i. List the prime factors of d.
1879
Let o(k) = 6*k**2 + 17*k + 108. Let m(y) = -2*y**2 - 5*y - 36. Let w(t) = 11*m(t) + 4*o(t). What are the prime factors of w(15)?
3, 227
Suppose 0 = -49*g - 264*g - 35*g + 5106900. List the prime factors of g.
5, 587
Let v(r) be the third derivative of -7*r**4/24 + 41*r**3/3 + 2*r**2 - 3. List the prime factors of v(-5).
3, 13
Let q = 6008 + -2211. List the prime factors of q.
3797
Let n = 272 + -260. Suppose -n*r + 303 = -705. What are the prime factors of r?
2, 3, 7
Suppose 3*h + 4 = -2*m, -4*m = -7*m - 15. Suppose -3*v + 438 = x, -3*x = -h*x. What are the prime factors of v?
2, 73
Suppose -4517 = -a - 4*q + 6467, -3*a + 9*q = -32826. List the prime factors of a.
2, 5, 137
Suppose -q + 3640 = 5*g, -5*q + 10*g + 18266 = 13*g. List the prime factors of q.
5, 17, 43
Suppose -30*m + 88*m - 7791392 = -138*m. What are the prime factors of m?
2, 4969
Let v(w) = -7723*w + 2900. What are the prime factors of v(-7)?
3, 6329
Suppose 4*z = -5*y - 4468, 749 = -z - 3*y - 375. Let c = z + 1639. List the prime factors of c.
17, 31
Suppose 4523 = 5*v + 5545 - 39537. List the prime factors of v.
7703
Suppose -4*j + 3*m + 1584 = -3231, 3*j = 2*m + 3612. What are the prime factors of j?
2, 3, 67
Let s(t) = 61*t**2 - 1015*t - 137. What are the prime factors of s(39)?
97, 547
List the prime factors of (((-8)/(-24))/((-2)/(-12)))/((-2)/(-10151)).
10151
Let v = 6075 + 9790. What are the prime factors of v?
5, 19, 167
Suppose 0 = 5*o + 25, 15*o = -3*k + 11*o + 62644. List the prime factors of k.
2, 7, 373
Let t(b) = -17*b + 192. Let a be t(11). Suppose u + a*y + 123 = 819, 0 = 3*u - 3*y - 2070. What are the prime factors of u?
691
Let k(x) = -x**3 - 2*x**2 - 2*x - 60. Let s be k(0). Let h = s - 12. Let c = 11 - h. List the prime factors of c.
83
Let d(r) = -192*r + 6. Let s be 1*(3 - 5)*1. What are the prime factors of d(s)?
2, 3, 5, 13
Let v = -339 + 697. Suppose u + 14 = -2*w - 2*w, 0 = 5*w + 20. Suppose g - u*g + 64 = -4*a, -5*g = -a - v. List the prime factors of g.
2, 3
What are the prime factors of (33640/30 + 2)/(2/6)?
2, 5, 337
Let t(u) = -u**3 + 82*u**2 - 825*u + 35. List the prime factors of t(58).
7, 4703
Let y(a) = -10*a - 65. What are the prime factors of y(-28)?
5, 43
Suppose -4*p = 0, -5*c - 2*p + 564 = -126. Let b = 322 + c. What are the prime factors of b?
2, 5, 23
Let a(w) = w**3 - 11*w**2 + 2*w - 15. Let l be a(11). What are the prime factors of 3165*l/21 - 1?
2, 17, 31
Suppose 10*i - 10 = 15*i, -u = -4*i - 422. Let w = 950 - u. List the prime factors of w.
2, 67
Let w = -277 - -277. Suppose w = 13*y - 16287 + 5224. List the prime factors of y.
23, 37
Let m be -6*(-7)/(-14)*820/(-6). Suppose 0 = 3*k + m - 1643. What are the prime factors of k?
3, 137
Let q(v) be the first derivative of -11*v**2 - 23*v - 4. Suppose -5*y = 2*p - 3*p - 7, -2*p + 2*y - 14 = 0. What are the prime factors of q(p)?
131
Let z(h) = -216*h + 223. What are the prime factors of z(1)?
7
Suppose -3*t = 4*j - 284448, 4*j - 86343 = -t + 198105. What are the prime factors of j?
2, 3, 2963
Let a(b) = b**2 - 3*b + 1. Let c(w) = w**2 - 5*w - 15. Let k be c(8). Suppose -7*s + 72 = k. What are the prime factors of a(s)?
5, 11
List the prime factors of (-163)/(92/12 + -8).
3, 163
Suppose -2*w = -16*w + 35280. Suppose -5*z = 5*z - w. What are the prime factors of z?
2, 3, 7
Let l = -4592 + 60398. What are the prime factors of l?
2, 3, 71, 131
Suppose -141*h = -1232675 - 549283. List the prime factors of h.
2, 71, 89
Let k(v) = 5*v + 23. Let a be k(8). Let y = a + -37. Suppose -3*d + 1 + y = 0. What are the prime factors of d?
3
Suppose 15*z + 5751 = 24*z. Suppose -4*o + z = -681. What are the prime factors of o?
2, 3, 5, 11
Suppose 41 = -2*h + 1581. Let q be h/40 - (-2)/(-8). Suppose -q = -3*c + 5*t, 3*t - t - 21 = -c. What are the prime factors of c?
13
Let y = -861 + 409. Let x = y - -741. What are the prime factors of x?
17
Let n(g) = -11229*g**3 + 3*g**2 - g + 2. List the prime factors of n(-1).
3, 5, 7, 107
Suppose 128*k - 202255 = 109*k. What are the prime factors of k?
5, 2129
Let q = -273 + 268. What are the prime factors of (-491)/((40/16)/q)?
2, 491
List the prime factors of (1 - (-316)/8)*(-2576)/(-7).
2, 3, 23
Let n(d) = d**3 - 11*d**2 + 14*d - 19. Let r = 14 - 14. Let g(y) = -y**2 - 4*y + 10. Let z be g(r). What are the prime factors of n(z)?
3, 7
Suppose -24*n = -48*n + 29*n - 38300. List the prime factors of n.
2, 5, 383
Suppose 288*m - 298*m = -231559 + 29039. What are the prime factors of m?
2, 61, 83
Suppose -33*q = -37*q + 348. Let j = -78 + q. Let p(i) = 7*i + 9. List the prime factors of p(j).
2, 3
Suppose -a - 4*k - 18 = 0, 15*k - 109 = 5*a + 16*k. Let g = a + 25. Suppose 16 = -g*j + 520. List the prime factors of j.
2, 3, 7
What are the prime factors of 2*(23658/18 + 3/18)?
11, 239
Let y be 2/(-2)*(-2 + -3 + 3). Suppose y*i = -i + 180. What are the prime factors of i?
2, 3, 5
Suppose -149*v + 5786260 = -748433. What are the prime factors of v?
3, 11, 443
Let r = 3726 + 1027. List the p